rime factors of 4358835886.
2, 61, 35728163
List the prime factors of 815334694.
2, 407667347
What are the prime factors of 598805652?
2, 3, 49900471
List the prime factors of 16397478.
2, 3, 127, 797
What are the prime factors of 151186282?
2, 13, 5814857
List the prime factors of 6760094852.
2, 7, 241431959
What are the prime factors of 34691709?
3, 13, 241, 3691
What are the prime factors of 176467672?
2, 79, 279221
What are the prime factors of 58640992?
2, 19, 43, 2243
What are the prime factors of 268789926?
2, 3, 1747, 25643
List the prime factors of 334535186.
2, 167267593
What are the prime factors of 119970244?
2, 73, 410857
What are the prime factors of 55468241?
55468241
What are the prime factors of 77104805?
5, 41, 43, 8747
List the prime factors of 421948401.
3, 7, 79, 107, 2377
What are the prime factors of 19150686?
2, 3, 1063927
What are the prime factors of 194985498?
2, 3, 1481, 21943
List the prime factors of 810920348.
2, 7, 839, 34519
What are the prime factors of 735136856?
2, 23, 151, 26459
List the prime factors of 5715747.
3, 173, 3671
List the prime factors of 12589487.
23, 547369
What are the prime factors of 243368440?
2, 5, 7, 869173
What are the prime factors of 64965125?
5, 139, 3739
What are the prime factors of 26699509?
2089, 12781
What are the prime factors of 18779796?
2, 3, 7, 24841
What are the prime factors of 19248760?
2, 5, 17, 28307
List the prime factors of 987192535.
5, 7, 28205501
What are the prime factors of 45442356?
2, 3, 1031, 3673
What are the prime factors of 21392037?
3, 41, 57973
What are the prime factors of 225415921?
229, 984349
List the prime factors of 1294632998.
2, 647316499
What are the prime factors of 296332674?
2, 3, 11, 509, 8821
What are the prime factors of 12944785?
5, 7, 369851
What are the prime factors of 90861607?
90861607
List the prime factors of 2694146858.
2, 13, 383, 270551
What are the prime factors of 1252905953?
13, 96377381
What are the prime factors of 49928849?
49928849
List the prime factors of 25976829.
3, 8658943
What are the prime factors of 328713644?
2, 7, 929, 12637
What are the prime factors of 17247882?
2, 3, 2874647
What are the prime factors of 3105898028?
2, 17, 29, 92647
List the prime factors of 71214881.
53, 1343677
What are the prime factors of 2948774700?
2, 3, 5, 89, 110441
List the prime factors of 442286746.
2, 11, 89, 113, 1999
List the prime factors of 4631722552.
2, 578965319
List the prime factors of 151727820.
2, 3, 5, 151, 16747
List the prime factors of 3040353776.
2, 4759, 39929
What are the prime factors of 19082117?
19082117
List the prime factors of 607957842.
2, 3, 17, 61, 97711
What are the prime factors of 23332927?
61, 382507
What are the prime factors of 429277393?
19, 22593547
What are the prime factors of 21212572?
2, 29, 182867
What are the prime factors of 1302604075?
5, 83, 127, 4943
What are the prime factors of 94018417?
1213, 77509
What are the prime factors of 1096600204?
2, 7, 5594899
What are the prime factors of 33098932?
2, 17, 23, 21163
What are the prime factors of 2576648871?
3, 10711, 26729
What are the prime factors of 889352199?
3, 98816911
What are the prime factors of 276243313?
8011, 34483
What are the prime factors of 131982714?
2, 3, 7332373
What are the prime factors of 114630746?
2, 31, 59, 31337
What are the prime factors of 3499380472?
2, 7, 109, 81899
List the prime factors of 1760213644.
2, 7, 23, 151, 787
What are the prime factors of 6112804731?
3, 11, 185236507
List the prime factors of 338288312.
2, 19, 2225581
List the prime factors of 17822425.
5, 43, 59, 281
What are the prime factors of 128669446?
2, 64334723
List the prime factors of 4478608.
2, 279913
List the prime factors of 162433107.
3, 23, 29063
What are the prime factors of 12661503?
3, 239, 17659
List the prime factors of 537102699.
3, 7, 47, 544177
List the prime factors of 52704028.
2, 13, 929, 1091
List the prime factors of 42395066.
2, 7, 41, 73859
List the prime factors of 1625120814.
2, 3, 17, 15932557
List the prime factors of 37811427.
3, 12603809
What are the prime factors of 1313731504?
2, 82108219
What are the prime factors of 36927494?
2, 18463747
What are the prime factors of 1921742758?
2, 13, 6053, 12211
List the prime factors of 338546227.
338546227
What are the prime factors of 172522609?
7, 23, 1071569
List the prime factors of 9499366.
2, 461, 10303
What are the prime factors of 16729219?
13, 227, 5669
List the prime factors of 770007269.
307, 2508167
List the prime factors of 141601889.
11, 13, 19, 211
List the prime factors of 192027466.
2, 96013733
List the prime factors of 307043086.
2, 7, 17, 691, 1867
What are the prime factors of 721105903?
7, 14716447
List the prime factors of 117461421.
3, 7, 11, 37, 509
List the prime factors of 1234785154.
2, 617392577
List the prime factors of 397869372.
2, 3, 137, 80671
List the prime factors of 72977966.
2, 43, 379, 2239
List the prime factors of 3937091496.
2, 3, 13, 12618883
What are the prime factors of 46570242?
2, 3, 17, 456571
What are the prime factors of 245503345?
5, 61, 804929
List the prime factors of 58809040.
2, 5, 735113
List the prime factors of 3294840841.
7027, 468883
What are the prime factors of 35425017?
3, 3936113
What are the prime factors of 564604144?
2, 13, 2714443
List the prime factors of 35828708.
2, 751, 11927
What are the prime factors of 49360495?
5, 9872099
List the prime factors of 85065369.
3, 28355123
List the prime factors of 56325364.
2, 47, 299603
List the prime factors of 3683294556.
2, 3, 1621, 189353
What are the prime factors of 25863664?
2, 17, 95087
What are the prime factors of 1733205575?
5, 593, 116911
List the prime factors of 375066310.
2, 5, 277, 135403
List the prime factors of 1651414259.
11, 9781, 15349
What are the prime factors of 12908967?
3, 17, 37, 6841
What are the prime factors of 1288736469?
3, 59, 467, 5197
List the prime factors of 113235558.
2, 3, 18872593
What are the prime factors of 2836938591?
3, 315215399
List the prime factors of 1727567851.
37, 46691023
List the prime factors of 1563322520.
2, 5, 37, 419, 2521
List the prime factors of 141028495.
5, 53, 532183
List the prime factors of 2964074098.
2, 1482037049
What are the prime factors of 31023994?
2, 31, 617, 811
What are the prime factors of 2774456155?
5, 1171, 473861
List the prime factors of 1363893290.
2, 5, 41, 3326569
What are the prime factors of 4722596?
2, 59, 20011
What are the prime factors of 929857286?
2, 37, 41, 306479
What are the prime factors of 26949058?
2, 131, 102859
What are the prime factors of 3351064772?
2, 11, 59, 1290857
List the prime factors of 517737360.
2, 3, 5, 7, 23, 13399
What are the prime factors of 150173018?
2, 313, 239893
List the prime factors of 75073281.
3, 53, 472159
List the prime factors of 164255920.
2, 5, 61, 97, 347
What are the prime factors of 39688358?
2, 19844179
What are the prime factors of 360795117?
3, 137, 239, 3673
What are the prime factors of 6718132015?
5, 7, 139, 197273
List the prime factors of 116914837.
13, 8993449
What are the prime factors of 1779945939?
3, 37, 419, 12757
List the prime factors of 1179251574.
2, 3, 6911, 28439
What are the prime factors of 159249817?
29, 5491373
What are the prime factors of 45949457?
45949457
What are the prime factors of 124499568?
2, 3, 17, 271, 563
What are the prime factors of 24853714?
2, 37, 53, 6337
List the prime factors of 4584926.
2, 2292463
What are the prime factors of 38345010?
2, 3, 5, 11, 131, 887
What are the prime factors of 105894229?
7, 2749, 5503
List the prime factors of 29287416.
2, 3, 1220309
What are the prime factors of 218189588?
2, 193, 233, 1213
List the prime factors of 597322099.
11, 54302009
List the prime factors of 10843023.
3, 619, 5839
What are the prime factors of 112655902?
2, 19, 787, 3767
List the prime factors of 30861659.
43, 16691
What are the prime factors of 1931800353?
3, 7, 1877357
List the prime factors of 131248388.
2, 79, 415343
List the prime factors of 575998647.
3, 7, 37, 53, 71, 197
What are the prime factors of 781251309?
3, 86805701
What are the prime factors of 156063654?
2, 3, 239, 36277
List the prime factors of 150710551.
3659, 41189
List the prime factors of 1239882774.
2, 3,